igit of 2792?
2
What is the thousands digit of 16344?
6
What is the hundreds digit of 7811?
8
What is the thousands digit of 38200?
8
What is the tens digit of 1644?
4
What is the units digit of 2135?
5
What is the units digit of 380?
0
What is the tens digit of 20173?
7
What is the tens digit of 860?
6
What is the hundreds digit of 2591?
5
What is the tens digit of 427?
2
What is the hundreds digit of 1919?
9
What is the tens digit of 440?
4
What is the tens digit of 2474?
7
What is the hundreds digit of 1586?
5
What is the units digit of 1574?
4
What is the thousands digit of 9007?
9
What is the hundreds digit of 8323?
3
What is the units digit of 1280?
0
What is the ten thousands digit of 51340?
5
What is the units digit of 46?
6
What is the units digit of 13941?
1
What is the tens digit of 40949?
4
What is the ten thousands digit of 75060?
7
What is the units digit of 669?
9
What is the units digit of 129?
9
What is the units digit of 1002?
2
What is the units digit of 24001?
1
What is the tens digit of 24399?
9
What is the tens digit of 6689?
8
What is the units digit of 913?
3
What is the hundreds digit of 992?
9
What is the hundreds digit of 562?
5
What is the units digit of 8082?
2
What is the thousands digit of 8769?
8
What is the units digit of 1713?
3
What is the hundreds digit of 51122?
1
What is the thousands digit of 17296?
7
What is the thousands digit of 3134?
3
What is the tens digit of 747?
4
What is the thousands digit of 1350?
1
What is the hundreds digit of 31111?
1
What is the units digit of 27415?
5
What is the units digit of 900?
0
What is the tens digit of 44149?
4
What is the tens digit of 1434?
3
What is the thousands digit of 6187?
6
What is the thousands digit of 5422?
5
What is the tens digit of 2406?
0
What is the units digit of 20390?
0
What is the thousands digit of 50147?
0
What is the units digit of 6813?
3
What is the ten thousands digit of 25038?
2
What is the hundreds digit of 213?
2
What is the tens digit of 188?
8
What is the tens digit of 12199?
9
What is the tens digit of 3637?
3
What is the thousands digit of 6469?
6
What is the units digit of 741?
1
What is the hundreds digit of 3919?
9
What is the ten thousands digit of 118661?
1
What is the units digit of 1060?
0
What is the hundreds digit of 363?
3
What is the units digit of 2667?
7
What is the thousands digit of 79238?
9
What is the ten thousands digit of 43281?
4
What is the thousands digit of 10855?
0
What is the thousands digit of 1806?
1
What is the tens digit of 25322?
2
What is the thousands digit of 2222?
2
What is the hundreds digit of 131?
1
What is the tens digit of 3541?
4
What is the units digit of 23?
3
What is the thousands digit of 6693?
6
What is the hundreds digit of 1034?
0
What is the hundreds digit of 2975?
9
What is the ten thousands digit of 26155?
2
What is the tens digit of 1930?
3
What is the thousands digit of 99023?
9
What is the tens digit of 568?
6
What is the thousands digit of 1356?
1
What is the hundreds digit of 42694?
6
What is the thousands digit of 8002?
8
What is the tens digit of 1015?
1
What is the ten thousands digit of 10175?
1
What is the tens digit of 109300?
0
What is the thousands digit of 1451?
1
What is the thousands digit of 1850?
1
What is the tens digit of 23424?
2
What is the hundreds digit of 7231?
2
What is the hundreds digit of 32621?
6
What is the units digit of 1651?
1
What is the units digit of 35430?
0
What is the hundreds digit of 2452?
4
What is the units digit of 20028?
8
What is the tens digit of 5314?
1
What is the hundreds digit of 1529?
5
What is the units digit of 951?
1
What is the tens digit of 1733?
3
What is the thousands digit of 1352?
1
What is the hundreds digit of 784?
7
What is the units digit of 2190?
0
What is the hundreds digit of 1676?
6
What is the units digit of 21989?
9
What is the tens digit of 49775?
7
What is the hundreds digit of 16402?
4
What is the ten thousands digit of 49460?
4
What is the units digit of 35799?
9
What is the tens digit of 621?
2
What is the units digit of 55625?
5
What is the tens digit of 2325?
2
What is the hundreds digit of 428?
4
What is the hundreds digit of 3348?
3
What is the tens digit of 560?
6
What is the ten thousands digit of 59543?
5
What is the tens digit of 30?
3
What is the hundreds digit of 72612?
6
What is the thousands digit of 9084?
9
What is the units digit of 39829?
9
What is the hundreds digit of 31187?
1
What is the tens digit of 51123?
2
What is the units digit of 111?
1
What is the hundreds digit of 2345?
3
What is the units digit of 11088?
8
What is the units digit of 806?
6
What is the units digit of 273?
3
What is the tens digit of 5281?
8
What is the thousands digit of 29376?
9
What is the units digit of 19420?
0
What is the tens digit of 98?
9
What is the tens digit of 1236?
3
What is the tens digit of 2193?
9
What is the hundreds digit of 120?
1
What is the units digit of 2729?
9
What is the tens digit of 1325?
2
What is the ten thousands digit of 21461?
2
What is the tens digit of 2493?
9
What is the tens digit of 7836?
3
What is the units digit of 83145?
5
What is the tens digit of 850?
5
What is the tens digit of 1229?
2
What is the hundreds digit of 14048?
0
What is the units digit of 13636?
6
What is the tens digit of 19374?
7
What is the hundreds digit of 479?
4
What is the ten thousands digit of 10111?
1
What is the ten thousands digit of 11279?
1
What is the ten thousands digit of 76288?
7
What is the units digit of 70316?
6
What is the units digit of 28768?
8
What is the units digit of 23997?
7
What is the units digit of 7286?
6
What is the units digit of 9507?
7
What is the tens digit of 7798?
9
What is the tens digit of 698?
9
What is the hundreds digit of 576?
5
What is the units digit of 1052?
2
What is the hundreds digit of 19091?
0
What is the units digit of 766?
6
What is the tens digit of 7626?
2
What is the hundreds digit of 508?
5
What is the hundreds digit of 3565?
5
What is the tens digit of 700?
0
What is the hundreds digit of 8494?
4
What is the thousands digit of 82428?
2
What is the hundreds digit of 38286?
2
What is the tens digit of 7908?
0
What is the thousands digit of 43261?
3
What is the thousands digit of 8274?
8
What is the tens digit of 422?
2
What is the tens digit of 855?
5
What is the units digit of 21383?
3
What is the ten thousands digit of 32466?
3
What is the thousands digit of 7738?
7
What is the hundreds digit of 4154?
1
What is the hundreds digit of 5085?
0
What is the hundreds digit of 166?
1
What is the tens digit of 2780?
8
What is the thousands digit of 71478?
1
What is the thousands digit of 4447?
4
What is the tens digit of 7793?
9
What is the tens digit of 49?
4
What is the units digit of 1135?
5
What is the tens digit of 1672?
7
What is the hundreds digit of 72567?
5
What is the thousands digit of 3179?
3
What is the ten thousands digit of 21569?
2
What is the hundreds digit of 672?
6
What is the thousands digit of 17912?
7
What is the thousands digit of 105852?
5
What is the hundreds digit of 622?
6
What is the hundreds digit of 328?
3
What is the tens digit of 743?
4
What is the units digit of 2299?
9
What is the units digit of 17221?
1
What is the thousands digit of 75930?
5
What is the units digit of 1151?
1
What is the hundred thousands digit of 207385?
2
What is the tens digit of 117412?
1
What is the hundreds digit of 6648?
6
What is the units digit of 57447?
7
What is the hundreds digit of 68610?
6
What is the tens digit of 4458?
5
What is the units digit of 3852?
2
What is the units digit of 187?
7
What is the hundreds digit of 425?
4
What is the hundreds digit of 4270?
2
What is the thousands digit of 4308?
4
What is the tens digit of 207?
0
What is the ten thousands digit of 25127?
2
What is the units digit of 4344?
4
What is the tens digit of 6471?
7
What is the units digit of 2077?
7
What is the tens digit of 1739?
3
What is the tens digit of 5189?
8
What is the units digit of 6700?
0
What is the hundreds digit of 1886?
8
What is the tens digit of 1564?
6
What is the tens digit of 25237?
3
What is the tens digit of 2238?
3
What is the tens digit of 950?
5
What is the units digit of 682?
2
What is the hundreds digit of 221?
2
What is the unit